ate the remainder when w is divided by m.
1
Suppose -8 = -4*h, 4*y - 50 = h + 140. Suppose -8 = 4*s, o + 4*o + s - y = 0. What is the remainder when 39 is divided by o?
9
Suppose r = 4*r - 2*v - 189, 2*r = v + 125. Calculate the remainder when r is divided by 13.
9
Let p(x) = -x**2 - 8*x + 8. What is the remainder when p(-5) is divided by 6?
5
Let l = -38 - -71. Calculate the remainder when l is divided by 12.
9
Suppose j + s - 20 - 31 = 0, 0 = 3*j + s - 143. Calculate the remainder when j is divided by 11.
2
Suppose 2*k + 4*s = 56, 94 = 6*k - 3*k + 4*s. Let h(i) = -4*i - 12. Let u be 1/((-1)/2)*4. What is the remainder when k is divided by h(u)?
18
Let c = 23 + -18. Suppose c*n - 3*x - 38 - 28 = 0, -52 = -5*n - 4*x. What is the remainder when ((-1)/(-1) - -10)*2 is divided by n?
10
Suppose 0 = -2*z - 21 + 79. Let h = 44 - z. Calculate the remainder when (-2)/(3/(354/(-4))) is divided by h.
14
Suppose 8 = l - 5*m - 20, 5*m - 20 = 0. Calculate the remainder when l is divided by 17.
14
Suppose 2*u + 5*n = 85, -3*u + 98 + 25 = 3*n. What is the remainder when u is divided by 14?
12
Let u(h) = -h**2 + 11*h + 16*h - 9 - 13*h. Calculate the remainder when u(13) is divided by 2.
0
Let t be (-2)/2*(42 + 1). Let w = 61 + t. What is the remainder when w is divided by 7?
4
Let g = -5 - -8. Suppose 254 = 4*x - g*x. Suppose 104 = -5*f + x. What is the remainder when f is divided by 16?
14
Let p(w) = w**3 + 5*w**2 - 5*w - 4. Let u be p(-5). Let r = u - 31. What is the remainder when 21 is divided by (-6)/r + 171/15?
9
Let j(z) = z**2 + 14*z + 13. What is the remainder when j(-16) is divided by 12?
9
Suppose 14 = 4*g + 3*h - 4*h, g - 11 = 4*h. Calculate the remainder when 22 is divided by -5*4/(-4) + g.
6
Calculate the remainder when (-13 - 0)*(5 + -7) is divided by 2*2/4 - -13.
12
Let r(n) = 3*n**2 - 2*n + 1. Let a be r(1). Suppose 0 = b + a*b - 9. What is the remainder when 6 - (-1 + 3 + 0) is divided by b?
1
Let p be 876/21 + (-4)/(-14). Let u(y) = y**3 + 6*y**2 - y - 5. Let v be u(-6). Let g = v + p. Calculate the remainder when g is divided by 15.
13
Suppose 0 = -12*u + 7*u + 20. Let x = u + 5. Calculate the remainder when 16 is divided by x.
7
Suppose -8*l + 3*l = -4*s - 75, l + 5*s = -14. Suppose 0 = -4*z + 5*u + 60 + 104, 5*z - u = 205. Calculate the remainder when z is divided by l.
8
Let d be (-2)/6 + (-106)/(-3). Let i = 97 - d. Let q = 103 - i. What is the remainder when q is divided by 14?
13
Suppose 3*q + 4*f - f - 105 = 0, 0 = -5*q + f + 151. What is the remainder when q is divided by 11?
9
Suppose 4*c - 184 = 68. What is the remainder when c is divided by 16?
15
Let m(z) = -2*z + 1. Suppose -9 = -2*j - 3. Calculate the remainder when m(-1) is divided by 1/j*(4 + 2).
1
Let x(m) = -2*m - 9. Suppose 2*h + 3*k - 42 = 0, 5*h = 3*k + 2*k + 80. Calculate the remainder when x(-6) is divided by 16/9 + 4/h.
1
Calculate the remainder when (-4 + -9)/(-2 + 1) is divided by 4.
1
Suppose 2*j = j - 3, 5*w - 5*j - 100 = 0. Calculate the remainder when w is divided by 5.
2
Let n(s) = -5*s - 10. Let o(h) = -3*h - 4. Calculate the remainder when n(-5) is divided by o(-4).
7
Let u(b) = -b**3 + 3*b**2 + b - 1. Let k be u(3). Suppose 3*d - d = 20. What is the remainder when d is divided by 4/k*2*1?
2
Let p(o) = -o**3 - 4*o**2 - 2*o - 2. Let l be p(-2). Let s(d) = d**3 + 6*d**2 - 13*d - 3. What is the remainder when s(l) is divided by 19?
18
Suppose -3*x + 4 = -14. What is the remainder when 23 is divided by x?
5
What is the remainder when 95 is divided by (-89)/(-7) + 1 + 2/7?
11
Suppose 0 = -i - 5*z + 2*z + 33, -3*i - 4*z = -94. Calculate the remainder when 58 is divided by i.
28
Let w = 57 - 52. What is the remainder when 13 is divided by w?
3
Suppose -3*n = -82 - 152. What is the remainder when n is divided by 28?
22
Let g = -33 - -101. Suppose t = -t + g. What is the remainder when t is divided by 12?
10
Let n(x) = -22*x. What is the remainder when n(-1) is divided by (-8)/(-1)*(-3)/(-3)?
6
Suppose -3*n - 3 + 81 = 0. What is the remainder when n is divided by (9/(-15))/(3/(-45))?
8
Let c = 27 - 15. Let h(t) be the first derivative of t**4/4 + 7*t**3/3 + t**2 - 5*t + 1. Calculate the remainder when h(-5) is divided by c.
11
Suppose 2*p - 5*p - 2*h + 42 = 0, p + 2*h = 14. Suppose 3*m = -5*g + 38, -5*m - 46 = -4*g + p. What is the remainder when 29 is divided by g?
9
Let m(p) = -2*p**2 + 53*p + 51. What is the remainder when m(26) is divided by 42?
35
Let h = -26 + 40. Suppose -1 = -2*b - 11, -2*a = -3*b - 125. Calculate the remainder when a is divided by h.
13
Let p be ((-5)/(-2))/(3/6). Suppose 3*g - 73 = -d, 0*d + p*g - 141 = -2*d. What is the remainder when d is divided by 15?
13
Suppose -4*u - 288 = -4*l, 3*l + 4*u = 187 + 15. What is the remainder when l is divided by 18?
16
Suppose -4*z = 5*c - 135, 8*c = 7*c - 5. What is the remainder when 79 is divided by z?
39
Suppose -3*f = -4*m + 10, 4*f + 7 = 5*m - 5. Let p be (-2)/(2 - (-8)/(-6)). Calculate the remainder when 7 + 0 - (-2 - p) is divided by m.
2
Let x be 5/3 + 4/12. Let m be x/(1 + (-2)/4). Suppose -4*f - 19 = -3*n, -2*f = m*n - 36 - 4. Calculate the remainder when 25 is divided by n.
7
Let h(g) = -30*g**3 + g**2. Let f(w) = -5*w + 2. Let v be f(-3). Suppose -5 - v = -2*l. What is the remainder when h(-1) is divided by l?
9
Let b(t) = t**3 + 4*t**2 - 3*t + 5. Let h = 6 + -10. Let c = 1 - -5. Calculate the remainder when b(h) is divided by c.
5
Let u = -11 - -12. Let t(o) = 3*o**2 + 1. Calculate the remainder when 11 is divided by t(u).
3
Suppose -4*x = l - 1 - 44, -4*l + 204 = 4*x. What is the remainder when 208 is divided by l?
49
Let j(x) = x**2 - 7*x - 4. Let p be j(8). Suppose 3*t - 5 = -q + 11, 0 = -q + p*t - 12. Let c = q + 16. Calculate the remainder when c is divided by 11.
9
Suppose 0 = -3*r + 36 - 3. What is the remainder when 28 is divided by r?
6
Suppose -b + 71 = -0*b. What is the remainder when b is divided by 24?
23
Let g = 8 - -55. Let r = -37 + g. Calculate the remainder when r is divided by 9.
8
Suppose 165 = 5*a - 10. What is the remainder when 172 is divided by a?
32
Let d(b) = -b + 17. Let i = -3 - -6. Calculate the remainder when d(12) is divided by i.
2
Suppose 4*d + x = 324 - 68, d = 5*x + 85. Calculate the remainder when d is divided by 17.
14
What is the remainder when 160/14 + 18/(-42) is divided by 7?
4
Let w = -19 + 2. Let c = w - -25. Let f = 5 - 0. What is the remainder when c is divided by f?
3
Let u = -6 - -6. Suppose 3*y = -u*y + 153. Suppose 3*w + 44 = 122. What is the remainder when y is divided by w?
25
Suppose 4*v = 16 - 0. Suppose v*j = -s + 19, s = 3*j + 2*s - 13. What is the remainder when 45/j*(-8)/(-6) is divided by 4?
2
Suppose -71 = -4*z + 1. Suppose 4*s - s = z. Calculate the remainder when s is divided by 2.
0
Let p(b) = 2*b + 1. Let o be p(-6). Let y = 24 + o. What is the remainder when 36 is divided by y?
10
Let q = 6 + -4. Suppose -18 = -q*f - f. Calculate the remainder when 21/(-14) - 42/(-4) is divided by f.
3
Suppose 0 = -13*x + 3*x + 620. Calculate the remainder when x is divided by 16.
14
Suppose -3*j + 7 = 2*v + 49, -3*v - 63 = j. Let l = 31 + v. Calculate the remainder when 39 is divided by l.
9
Let p(c) = c**3 - 30*c**2 + 2*c - 48. What is the remainder when p(30) is divided by 3/6*10/1?
2
Let b be (-2)/(-6)*(-6)/2. Let d = 1 - b. Suppose -2*k = -d - 4. What is the remainder when 5 is divided by k?
2
Suppose 5 + 103 = 4*k. Suppose -550 = -5*m - 3*y, -448 = -4*m - y - 3*y. What is the remainder when m is divided by k?
26
Let u(l) = 2*l**2 + 4*l + 2. Let m be 3*2*(-3)/6. Let f = -6 - m. Calculate the remainder when u(f) is divided by 5.
3
Let f = 2 + -2. Suppose -2*z - 3*z = -5. Calculate the remainder when (28 - z)/1 - f is divided by 14.
13
Suppose 5*h = 2*v + 241 - 14, 4*h + v - 179 = 0. Suppose -39 = -3*y + z, 5*y - 45 = 2*y + 3*z. Calculate the remainder when h is divided by y.
9
Let a = 24 - 22. Suppose -r + 3*r = 5*t + 61, -2*r = a*t - 40. Calculate the remainder when 68 is divided by r.
22
Let f be (2 - 1)/(3/(-99)). Suppose 0*n = -5*n + 60. What is the remainder when 56/21*f/(-4) is divided by n?
10
Let z = 3 + -8. Let l be (4/(-10))/(z/50). Suppose -5*t + 49 = -3*b, l*b - b = -t + 17. Calculate the remainder when t is divided by 4.
